-3 - -25)) + 2. Let s = b - -27. What are the prime factors of s?
2, 3
Let o = 3 + 0. Suppose u - o = -2*u. What are the prime factors of u*-2 + -4 + 9?
3
List the prime factors of 3 - 1*133/(-1).
2, 17
List the prime factors of 2/(-4) - 81/(-6).
13
Let d(n) = -n - 2. Let m be d(-3). Suppose -t = -m - 2, -5*z - 4*t = -2. What are the prime factors of (-11 - z)/(9/(-6))?
2, 3
Let t = 27 + -2. Let g = -16 + t. What are the prime factors of g?
3
List the prime factors of ((783/4)/(-3))/((-6)/16).
2, 3, 29
Let v(p) = -p**3 - 6*p**2 + 8*p + 8. Let t be v(-7). Let j = -1 + t. Suppose 2*n + 3*y = 21, -3*y + 3 = -j. List the prime factors of n.
3
Let p = -197 - -284. List the prime factors of p.
3, 29
Let c = -14 + 20. Suppose -c*b = -b - 175. List the prime factors of b.
5, 7
Let j = 39 - -9. List the prime factors of j.
2, 3
Suppose 0 = 2*v + 5*i + 15, -3*i - 2*i - 15 = 0. Suppose -2*l + 5*x = -11, v*x = -l + 3*x + 3. List the prime factors of l.
2, 3
Let y(i) = -i**2 - 11*i - 5. What are the prime factors of y(-7)?
23
Suppose -j + 1 = -v, 0 = -5*j - 0*v + 3*v + 7. Suppose -7 = -j*x + 5. List the prime factors of x.
2, 3
Let a(w) = w**2 + 16*w + 14. List the prime factors of a(9).
239
Let p(h) = -2*h**2 - 5*h**3 + 2*h + h**2 + 3*h**3 + 0*h. Suppose 0 = 2*o + 1 + 3. What are the prime factors of p(o)?
2
Let s = -90 + 130. List the prime factors of s.
2, 5
Suppose 0 = -3*i - 8 + 101. List the prime factors of i.
31
Let b(u) = u**2 - 3*u + 3. Let x be b(3). Let q(h) = 5*h - 1. What are the prime factors of q(x)?
2, 7
Suppose 2*g = 2*l - 16, -40 = 4*g - 5*l - 7. Let p(f) = -f**2 - 13*f - 12. List the prime factors of p(g).
2, 3, 5
Let k(u) = 15*u**2 - 2*u + 2. Let j be k(2). Suppose -3*o + 2*c = -8*o + j, -2*c - 14 = -o. List the prime factors of o.
2, 3
Suppose 2*x + 318 = 5*x. Suppose -x + 4 = -2*i. What are the prime factors of i?
3, 17
Let l be ((-3)/2)/(9/(-12)). Let b = l + -2. Suppose b*t - 20 = -y + t, 3*t - 6 = 0. What are the prime factors of y?
2, 11
Let u(a) = a**2 + a. Let n be (-3)/6*-1*-4. Let q be u(n). Suppose -3*y + 5 = -q*y. List the prime factors of y.
5
Suppose 5*r - 86 = 9. What are the prime factors of r?
19
Suppose 0 = -5*m - 0*k + k + 262, -254 = -5*m - 3*k. What are the prime factors of m?
2, 13
Suppose -3*n - 4*k + 3*k + 98 = 0, -158 = -5*n - 3*k. Let s = 49 - n. What are the prime factors of s?
3, 5
Let l(u) = -u**3 + 7*u**2 - 6*u + 6. Let g be l(6). Suppose 5*b = -g + 1. What are the prime factors of -1 - (b + -2 + -10)?
2, 3
Let q(t) = -3*t - 1 - 3 + 8. List the prime factors of q(-5).
19
Let m(b) = 3*b - 3. List the prime factors of m(2).
3
Suppose -6*u + 26 = -4*u. What are the prime factors of u?
13
Let b(q) = 17*q - 3. What are the prime factors of b(4)?
5, 13
Let i = -2 - 2. Let c = 3 + i. Let n(w) = -10*w**3 + w + 1. What are the prime factors of n(c)?
2, 5
Let q(y) = -y**3 - y**2 - y + 1. What are the prime factors of q(-2)?
7
Suppose 142 = 3*b - b. List the prime factors of b.
71
Suppose -30 + 6 = -3*b. What are the prime factors of b?
2
Suppose -38 = -12*q + 10*q. List the prime factors of q.
19
Suppose -8*f + 190 = -3*f. What are the prime factors of f?
2, 19
Let y(r) = 4*r - 2. Let a be y(1). Suppose -a*g = 8 - 56. What are the prime factors of g?
2, 3
Let k(o) = -3*o - 26. List the prime factors of k(-12).
2, 5
Suppose 0 = -0*o - 4*o + 16. What are the prime factors of (2/o)/(4/32)?
2
Let o(r) = r - 2. Let k be o(2). Let x(a) = -a**3 - 4*a**2 + 3*a - 5. Let w be x(-5). Suppose w*s - 22 - 3 = k. What are the prime factors of s?
5
Let h(f) = -f**2 - 7*f + 1. Suppose -t + 16 = -3*z, -3*z + t + 2*t - 6 = 0. Let l be h(z). Let q(k) = 17*k**2 + k - 1. List the prime factors of q(l).
17
Let p(x) = 7*x - 6. What are the prime factors of p(8)?
2, 5
Let b(z) = -z**2 + 3*z + 2. Let k be b(3). Let s = k + 21. List the prime factors of s.
23
Suppose -65 = 4*p - 9*p. What are the prime factors of p?
13
Suppose -3*d - 5 = 2*q, 2*q = -4*d - 2*q - 12. Suppose -1 = -m + d. Suppose -4*y = -r - 36, -5*r + 1 - 5 = m*y. List the prime factors of y.
2
Let n(d) = -d**2 + 4*d - 1. Let g be n(3). Let l = g + 11. What are the prime factors of l?
13
List the prime factors of -3 + 2 + -2 + 22.
19
Let z = 26 - 4. List the prime factors of z.
2, 11
Suppose -3*l = -4*l + 5. Let i = 8 - l. What are the prime factors of i?
3
Suppose -576 = -3*x + x. Suppose -2*b = 2*b - x. Suppose 3*i + 9*u - 81 = 4*u, -2*u = 3*i - b. What are the prime factors of i?
2, 11
Let j(k) = 11*k + 7. List the prime factors of j(9).
2, 53
What are the prime factors of ((-1132)/10)/((-52)/130)?
283
Let j be 1*58/6*-3. Let h = -12 - j. What are the prime factors of h?
17
Let a be 5 + -1*2 + 4. Suppose -28 = -3*c - 13. Let w = a + c. What are the prime factors of w?
2, 3
Let y be (3/(-3) - -2)*3. Suppose k = -y*k + 16. List the prime factors of k.
2
Let x(d) = 6 + 3*d - d**3 - 2*d - 1 + d + 5*d**2. What are the prime factors of x(5)?
3, 5
Suppose -5 - 3 = 2*u, 29 = 5*x - u. Suppose -7 = x*k - 6*k. List the prime factors of k.
7
Let s = 2 - 3. Let w be (-32)/(-6) - s/(-3). Let n(q) = q**3 - 5*q**2 + q + 7. List the prime factors of n(w).
2, 3
Let k(s) be the first derivative of s**3/2 - 2*s**2 - s - 2. Let f(j) be the first derivative of k(j). What are the prime factors of f(5)?
11
Let s(z) = -z**3 - 13*z**2 + 13*z + 20. What are the prime factors of s(-14)?
2, 17
Let p(q) = 28*q + 36. What are the prime factors of p(5)?
2, 11
List the prime factors of -4 - (-1 - 0) - -216.
3, 71
Let z(n) = 12*n + 6. List the prime factors of z(3).
2, 3, 7
Suppose 0 = 7*d - 6*d - 49. List the prime factors of d.
7
Let h(v) = -v**3 - 2*v**2 + 13*v + 28. List the prime factors of h(-5).
2, 19
Suppose -4*n + 7*l - 3*l + 200 = 0, 0 = 3*l - 9. List the prime factors of n.
53
Let b = 383 - 202. What are the prime factors of b?
181
Let b(i) = -35*i - 46. What are the prime factors of b(-5)?
3, 43
Suppose -9*y = -5*y - 1120. List the prime factors of y.
2, 5, 7
Suppose 7*j = 100 + 82. What are the prime factors of j?
2, 13
What are the prime factors of 1/15*3 + 12749/55?
2, 29
Suppose 2*l + 394 = 5*i, 5*l = i - 6*i + 380. List the prime factors of i.
2, 3, 13
Suppose 0 = 3*w - 4*s - 877, 5*s + 3 = 13. List the prime factors of w.
5, 59
Let n(f) = -2*f - 4. Let u be n(3). Let s(r) = -2*r**2 + 8*r - 6. Let m be s(5). Let l = u - m. What are the prime factors of l?
2, 3
Let z(k) = k + 1. Let q = -1 + 4. Suppose -34 = -4*j - p, p = 5*j - q*p - 32. List the prime factors of z(j).
3
Suppose -x = -2*p + 12 - 51, -2*p = 4*x - 116. List the prime factors of x.
31
Let i = 22 - -27. What are the prime factors of i?
7
Suppose 0 = 4*u + 2*w - 154, -5*w = -3*u - u + 161. What are the prime factors of u?
3, 13
Suppose 7*w - 513 = 180. What are the prime factors of w?
3, 11
What are the prime factors of 37/(-3)*(0 - 3)?
37
Let y = 3 + -3. Let c be y*(-2 + (1 - 0)). Suppose -3*s + s + 22 = c. What are the prime factors of s?
11
Let m be (-2)/((-4)/10*-1). Let c = 8 + m. Suppose -g + 14 = c*b, b + 3*b - 7 = g. What are the prime factors of g?
5
Let z = 191 + 42. What are the prime factors of z?
233
Let n(i) = -6*i**3 - i**2 - i - 1. Let k be n(-1). Suppose 3*v - k*m - 39 = -2*m, v + m - 9 = 0. List the prime factors of v.
11
Suppose 3*b + d = 325, 6*d + 537 = 5*b + 3*d. What are the prime factors of b?
2, 3
Let o(u) = 6*u**3 + u**2 - 2*u - 1. List the prime factors of o(2).
47
Let g = 22 + -6. List the prime factors of (-435)/(-24) + (-2)/g.
2, 3
Let f = -8 - -8. Suppose t - 5*q - 36 = f, 0 = 6*q - 3*q + 9. What are the prime factors of t?
3, 7
Suppose 4*q + 4*b = -183 + 639, -2*q + 4*b = -252. List the prime factors of q.
2, 59
Let z(o) be the first derivative of o**2/2 - o + 1. Let l be z(4). Suppose l*j = -2*m + 24, -18 = -5*j - 0*m + 4*m. List the prime factors of j.
2, 3
Let c = 5 + -23. Suppose -w - w + 36 = 0. List the prime factors of (-4)/w + (-112)/c.
2, 3
Let b = 13 - 11. Suppose 93 = 4*q + 5*c, -b*q + 4*c + 47 = 7. List the prime factors of q.
2, 11
Let v(d) = d**3 - 2 - 7*d + 0*d + 6 + 6*d**2. Let t be v(-7). Suppose -t*n = n - 50. What are the prime factors of n?
2, 5
Let j(u) = 3*u + 4. Let m be j(4). Let x be 1 + 1/(-1) + m. Let w = x + -9. What are the prime factors of w?
7
Let b be (-2 + 39/9)